et f be 4/((56/(-12))/y). Let x(p) = -p**2 + 6*p - 4. Calculate x(f).
-4
Let y(p) be the third derivative of -p**6/120 - p**5/60 + 5*p**3/6 + 2*p**2. Let v = -751 + 751. Give y(v).
5
Let b = 135 - 132. Suppose 0 = -2*a - 3*c - 6, b*c = -5*a - 2*c - 5. Let g(p) = p**2 - 3. Calculate g(a).
6
Let y(k) be the third derivative of -k**4/24 - k**3/6 + k**2. Let j be 106/371 - (1 + 23/7). Let p be -1 - (5 - (j + 4)). What is y(p)?
5
Let u(f) be the second derivative of f**5/20 + f**4/3 - f**3 - 3*f**2/2 - 24*f. Determine u(-5).
2
Let d(u) = -u**2 - 5*u - 4. Suppose -10*r + 12 = -6*r. Suppose 0 = 4*x - 6*x - o + 5, -3*x = r*o - 3. Suppose 3*i = x - 19. Give d(i).
-4
Let p(w) be the second derivative of -w**6/40 + w**5/120 + w**4/2 - 5*w. Let d(j) be the third derivative of p(j). What is d(-1)?
19
Let c be (-6 + 0)*2/1. Let y(u) = -u**2 - 3*u + 4. Let o be y(-5). Let h = o - c. Let z(f) = f**2 - 6*f - 4. Calculate z(h).
-4
Let g(h) = 4*h**2 - h + 1. Let b(t) = t**2 - t + 1. Let r(n) = 3*b(n) - g(n). Let p = -23 - -16. Let c = p + 3. What is r(c)?
-6
Let b(d) be the first derivative of d**2/2 - 21*d + 183. What is b(6)?
-15
Let g(c) = c**2 - 4*c. Suppose u = 2*v - 6, 10 = -4*u + 4*v - 2. Suppose i - 3 - 1 = u. Calculate g(i).
0
Suppose 3*q - 28 = -4*n, 16 = 8*n - 4*n. Suppose -25*j - q = -27*j. Let r(m) = 2 + 13*m**j - m**3 - m**3 - 14*m**2. What is r(-2)?
14
Suppose 5*y - 3*o - 20 + 14 = 0, -4*o - 8 = 0. Let d(l) be the second derivative of 0*l**3 + y + 5*l + 5/6*l**4 + 1/2*l**2. What is d(1)?
11
Let f = 2631 + -2631. Let x(u) = -u. What is x(f)?
0
Let d(r) be the second derivative of -r**5/20 - r**4/2 + 2*r**3/3 + 3*r**2/2 - 31*r - 2. Calculate d(-6).
-21
Let w be ((-120)/45)/((-2)/6). Suppose 4*z = w + 12. Let j(h) = -h**3 + 4*h**2 + 8*h - 5. Calculate j(z).
10
Let t(d) = d**2 + 37*d + 106. Let w be t(-34). Let c(k) = -k**3 + 4*k**2 - 4*k + 6. Calculate c(w).
-10
Let n(y) = 374*y - 119*y - 130*y - 124*y. Let l = 11 - 7. Determine n(l).
4
Suppose -15 = 4*k + 3*l - 4, k + 5*l + 24 = 0. Let t(x) = 89*x**2 - 19*x**2 - 70*x**2 + 2*x**3 + 1. Determine t(k).
3
Let g = 1 - 3. Let k(n) = -n**3 + 1181 - 591 - 591 - 3*n. Determine k(g).
13
Let k(o) = 3*o - 3*o + 2 + o. Let a be k(-5). Let y(v) be the second derivative of -v**3/6 - v**2/2 - 5*v. Calculate y(a).
2
Let w be (6/(-2))/((-21)/70). Let v be ((-6)/(-15))/(2/w). Let x be ((-1)/(-1))/(v/(-4)). Let q(s) = -s**3 - 4*s**2 - 4*s - 2. Determine q(x).
-2
Suppose 152*g - 130*g = 22. Let d(i) = -28*i + 2. Give d(g).
-26
Suppose -4*v - 7 = j, 0 = 5*j - 2*v - 15 - 16. Suppose 0 = -0*c + 3*c - 30. Suppose -j*u - c = -k + 17, 0 = k - 2. Let s(x) = x**3 + 5*x**2 + x - 1. Give s(u).
-6
Let x(a) = -a**3 + 7*a**2 - 5*a - 16. Let o(l) = 3*l**3 - 22*l**2 + 16*l + 47. Let i(f) = 3*o(f) + 8*x(f). Suppose -12*s = -7*s - 45. What is i(s)?
4
Let r(u) = u**3 + u**2 - 5. Let j(c) = c**3 + 13*c**2 + 11*c - 12. Let s be j(-12). Determine r(s).
-5
Let u = 1441 - 1438. Let f(y) be the second derivative of -1/6*y**u - 3*y**2 - 4*y + 0. Calculate f(-6).
0
Let o(p) = -p**3 - 5*p**2 + 6*p + 3. Let g be o(-6). Let i(d) = -3*d**2 + 2*d**2 + 2*d**2. Determine i(g).
9
Suppose -2*z + 5*z + 1 = -4*f, f - 2*z - 8 = 0. Let n(l) = 4*l**3 - l + 7*l**f + 13*l**3 - 16*l**3 - 3. Determine n(-7).
4
Suppose -6*p + 2*p - k = -1, p = 3*k - 16. Let y(j) = 12*j**2 + 9*j - 5. Let g(c) = 3*c**2 + 2*c - 1. Let n(h) = -9*g(h) + 2*y(h). Give n(p).
-4
Let v(m) be the second derivative of -m**5/20 + m**4/12 + 5*m**3/6 - 2*m**2 - m - 297. Let z = -1 + 4. Give v(z).
-7
Let q(p) = -p**2 + 5*p. Let c = 31 + -27. Suppose -v - 1 = -x, -39 = -8*x + c*x - 3*v. Calculate q(x).
-6
Let g be (56/(-20))/(6/15). Let l(y) be the third derivative of 0*y + 1/24*y**4 + 1/3*y**3 + 0 + 2*y**2. What is l(g)?
-5
Let k = -24 - -21. Let j(u) = -4*u + 2*u + u + 1 - u**3 - 4*u**2. Determine j(k).
-5
Let s = -109 - -97. Let d = s - -13. Let a(b) be the second derivative of 3*b**5/5 + b**4/6 - b**3/6 - 3*b. Give a(d).
13
Let y(j) = -4*j + 6. Let h(p) = -p + 1. Let z(a) = -14*h(a) + 4*y(a). Calculate z(7).
-4
Let z(p) = p**2 + 3*p + 2. Let y be -14*2/(-4)*3. Suppose 0*q = -5*a + q - y, -5 = a - q. What is z(a)?
6
Let u(m) = -m**2 - 19*m - 13. Let y be u(-15). Suppose o - 2*i + 3 = 13, -4*o + y = -i. Let s be o/(3 + -1) - 0. Let c(p) = p**3 - 6*p**2 - 2. What is c(s)?
-2
Let k be (-28 - -18)*(-5)/(-10). Let a(f) = -f**3 - 6*f**2 - 2*f - 2. Determine a(k).
-17
Suppose -4*v - 12 = -0*v - 5*o, 8 = 2*o. Let t(w) = -w + 2*w - w + v*w. Give t(-2).
-4
Let f(h) = -2*h**3 + h**2 - 2*h - 1. Suppose -64 = -20*b - 24. Give f(b).
-17
Let d(s) = 1 - 29*s**3 - 2*s + 9*s**2 + 4*s - 11*s**2 - 2. Give d(1).
-30
Let d(y) = 11*y**2 + 42*y + 134. Let h(g) = 5*g**2 + 21*g + 67. Let p(c) = 6*d(c) - 13*h(c). Calculate p(24).
5
Suppose -g = 21*g + 44. Let w(x) = 11*x + 1. Determine w(g).
-21
Let i be 26/(-13) + 4/(-4). Let z(a) = a**2 - 2*a + 1. Calculate z(i).
16
Let j be 8/(-12)*(0 + 6). Let q(v) = 4*v - 7. Let r(n) = -9*n + 15. Let t(k) = -5*q(k) - 2*r(k). Give t(j).
13
Let g(s) = s**2 - 9*s - 7. Let k be g(10). Suppose 7*b - 13 = k*b - 5*v, -5*v = -b - 3. Let d(f) = f**2 - f + 0*f - 5*f**b + 1. Determine d(1).
-4
Let m(t) = 2*t**3 - 2*t**2 + 26. Let z(a) = a**3 - 2*a**2 + 23. Let i(h) = -2*m(h) + 3*z(h). Give i(0).
17
Let p(q) be the third derivative of 0*q + 1/2*q**3 + 3*q**2 + 0 - 1/12*q**4. Suppose -2*h + 4 = -0. Calculate p(h).
-1
Suppose 0 = -l + 3*j - 4, 3*l + 6 = 5*l + j. Let v(w) = -14*w**2 - 3 + 10*w**l + w**3 + 3*w + 10*w**2. What is v(-5)?
7
Let j(s) = -s + 3. Let z(h) = 3*h - 10. Let k(a) = -10*j(a) - 4*z(a). Determine k(7).
-4
Suppose -4*x - 100 + 17 = -y, -4*y + 38 = -2*x. Let h = -18 - x. Let w(d) = 0*d**h - 8*d + 11 + 4*d - 13 - 3*d**2 - d**3. What is w(-3)?
10
Suppose -2*n - 10 - 58 = 0. Let o = -16 - n. Suppose o = 5*r + 48. Let k(m) = m**2 + 7*m + 5. Determine k(r).
-1
Let b(c) = -c**3 + 11*c**2 - 10*c + 4. Let h(y) = -2*y - 4. Let g be h(-7). Let r be b(g). Let a(s) = 2 - s - 3 + 3. Give a(r).
-2
Let f(c) be the second derivative of -c**4/12 - 8*c**3/3 - 2*c**2 + c + 36. Determine f(-14).
24
Let v(m) = -m**3 - 21*m**2 - 25*m - 30. Let b be v(-20). Let j = b - 76. Let c(h) = h**3 + 5*h**2 - 4*h + 6. Calculate c(j).
-6
Let l(d) = -38*d**3 + 13 - 32*d**3 - 33*d**3 - 11*d**2 - 13*d + 0*d**2 + 104*d**3. Calculate l(12).
1
Let u(t) = 22*t**2 + 5*t - 8. Suppose 73 = 5*n + 4*b, -13 - 40 = -4*n - 5*b. Let i(x) = -n*x + 3 + 31*x - 16*x - 7*x**2. Let l(v) = -8*i(v) - 3*u(v). Give l(1).
-9
Let k(d) = -7*d**3 + 7*d**2 + 8*d - 2. Let r(x) = -15*x**3 + 15*x**2 + 17*x - 5. Let s(j) = -13*k(j) + 6*r(j). Let h = -6605 + 6608. What is s(h)?
8
Let l(i) = 231*i**2 + 2 - 8 - 233*i**2 - 11*i. Determine l(-5).
-1
Let r(f) = f**2 - 3*f + 6. Let p(h) be the third derivative of -h**5/60 - 13*h**4/12 - 10*h**3/3 + 42*h**2. Let x be p(-25). Give r(x).
16
Let g(l) = -5*l**2 + 24*l + 23. Let b(a) = 2*a**2 - 12*a - 12. Let d(n) = 7*b(n) + 3*g(n). What is d(-10)?
5
Let n(w) = w**3 + w + 13. Let j(b) = -8*b - 5. Let i be j(-1). Suppose 2*c + i*m = c, -5*c = -4*m. Give n(c).
13
Let w = 845 + -841. Let u(l) = -4*l - 6. Give u(w).
-22
Let c = 981 - 976. Let g(v) = 4*v - 2. Give g(c).
18
Let d(h) = 5*h**2 - 5*h + 1. Let i(g) = -4*g**2 + 5*g - 1. Let v(l) = -5*d(l) - 6*i(l). Suppose 5*f + 15 = -4*n, 0 = -50*n + 55*n + 2*f + 23. Calculate v(n).
1
Let m(k) = k**2. Let o = -14 - -16. Let h be (o/(-1) - 0)*6. Let a = 12 + h. Determine m(a).
0
Let x = 5 + -6. Let y(w) = 24*w + 1. Let j(r) = 30*r + 1. Let g(i) = 3*j(i) - 4*y(i). Give g(x).
5
Let o(w) = w**2 + 10*w + 10. Let y(a) = 2*a + 36. Let g be y(-23). Calculate o(g).
10
Let r(t) = -7*t - 5*t + 8*t + 3*t - 34. Determine r(-18).
-16
Let i = 2368 + -2374. Let v(d) = 6*d + 3. What is v(i)?
-33
Suppose 0 = 3*v - 2*p - 8, 4*v - 8 = 3*p + 4. Suppose -2*m = v, 0 = -d - 6*m + 5*m. Let r(z) = -z**2 + z - 1. Calculate r(d).
-1
Let g(z) = 2*z - 5. Let b(y) = y**3 - 7*y**2 + y - 2. Suppose -74*w = -71*w - 21. Let a be b(w). Calculate g(a).
5
Let l(w) be the third derivative of -7*w**5/60 - w**4/24 + w**3/6 - 2*w**2 - 17. What is l(1)?
-7
Let q(u) = u + 4. Let i = -13 - -30. Suppose 0 = b + 5*k - 2*k + 12, -4*b + k = -i. Let h be (-1 - 3)*(b - 1). Give q(h).
-4
Let j = -8 - -20. Suppose 0 =